(x) + i(x). What is q(-4)?
-7
Let w(p) be the second derivative of -2*p**3/3 + 2*p**2 - 28*p. Determine w(3).
-8
Let z(q) be the second derivative of -q**5/20 + q**4/6 + q**2 - 12*q. Determine z(3).
-7
Let f(y) be the first derivative of -y**6/360 - y**5/24 - y**4/4 - y**3/3 - 1. Let j(o) be the third derivative of f(o). Determine j(-4).
-2
Let t(f) = f**2 + f. Suppose 2*p = -0 - 8. Determine t(p).
12
Let b(q) = -2*q - 1 - q**3 + 15*q**2 + 3*q - 15*q**2. What is b(0)?
-1
Let y(d) = 5*d**3 + d**2 - d - 1. Suppose -4 = 5*m - m. Calculate y(m).
-4
Let h = -11 - -6. Let q(s) = -64*s**2 - 24. Let k(a) = 13*a**2 + 5. Let c(z) = h*q(z) - 24*k(z). Calculate c(-1).
8
Let o be (-217)/42 - (-1)/6. Let t(y) = y**2 + 6*y - 1. Give t(o).
-6
Let z(p) be the third derivative of p**5/60 - p**4/24 - p**3/3 + 2*p**2. Let r be z(-2). Suppose -r*g + 19 = -1. Let t(o) = o**3 - 5*o**2 + 2. Give t(g).
2
Suppose 0*x - 5*x = -10. Suppose h = x*h + 3. Let o(u) = -u**2 - u - 2. Determine o(h).
-8
Let v(u) = u**3 + 5*u**2 + 2. Let m(t) = -t + 10. Suppose 4*r - 5*q + q - 68 = 0, -3*r = q - 43. Let w be m(r). Give v(w).
2
Let f = -4 + 8. Suppose -9 = 2*k - 5*k. Let y(n) = n**2 - 6 + f*n**2 + 0*n**k + n**3 - n. What is y(-5)?
-1
Let m(v) = -v**2 - v - 1. Let t(d) = d**2 + 5*d - 2. Let y be t(-5). Give m(y).
-3
Let z = -11 - -8. Let w be z + 3 - (-5 - -2). Let n(t) = -2*t**2 + 3*t + 3. Determine n(w).
-6
Let d(s) = 0*s + 3*s - s. Suppose 0 + 4 = -4*n. Let w be d(n). Let i(h) = -2*h**3 - 4*h**2 - 3*h - 1. Determine i(w).
5
Let x be (-5)/5 - (-1 - -6). Let g(m) = 3*m**3 + 5*m - 6*m**3 + 3*m**2 + 4*m**2 - 8 + 4*m**3. What is g(x)?
-2
Let g(z) = z**3 - 2*z**2 + 1. Let i be g(-1). Let c(h) = h**3 + 2*h**2 - 2*h + 1. What is c(i)?
5
Suppose -3*h + h = 4. Let q(d) = -d. What is q(h)?
2
Let l(k) be the first derivative of -k**3/3 - 2*k**2 - 4*k - 3. What is l(-5)?
-9
Let f(p) = -7*p - 4. Let g(y) = -13*y - 7. Let j be (-148)/24 + 2/12. Let v(a) = j*g(a) + 11*f(a). What is v(6)?
4
Suppose 0*n = -4*n + 5*t + 39, -4*n = 5*t - 9. Suppose -n*s + 2*s = 24. Let w(m) = -m**2 - 6*m + 4. What is w(s)?
4
Let d(t) = -t - 1. Let y be d(4). Suppose -b - 3*b = 12, 0 = -5*n + b - 22. Let r = y - n. Let z(m) = m**2 + m - 1. Determine z(r).
-1
Let o(a) be the second derivative of -a**4/12 - 2*a**3/3 + a**2/2 + a. Suppose -1 = -q + p, 4*p + 36 = -q - 3*q. Calculate o(q).
1
Let z(o) = -o**2 + 3*o - 4. Let b(j) = -j - 1. Let a(i) = -3*b(i) + z(i). What is a(6)?
-1
Suppose 0 = a - 2. Let m(l) = l**2 + 0*l**2 + 3*l - 6*l + a. Suppose 4*s + 9 + 19 = 2*b, 5*b - 3*s = 35. Calculate m(b).
6
Let j(h) = h**2 - 9*h + 6. Suppose 4*u - 3*u = 16. Suppose -5*r + 46 - u = 0. Calculate j(r).
-12
Let o(n) = -n**2 - 2*n + 3. Let x be o(-3). Suppose x = 3*f - f - 8. Let z(m) = -2*m**2 - m**3 - 1 - m + 4*m**2 + 2*m**2. Determine z(f).
-5
Let d(u) be the second derivative of u**5/20 + u**4/4 - 5*u**3/6 + 3*u**2/2 + 44*u. Determine d(-4).
7
Let d = 39 - 41. Let b(o) = 8*o + 2. Determine b(d).
-14
Let g(d) be the second derivative of d**4/12 + d**3/6 + 7*d**2/2 + 7*d. Give g(0).
7
Let p = -8 + 17. Let j = p + -7. Let h(z) = 2*z - 1 + 5*z**2 - 3 - 2*z**j + 3. Calculate h(1).
4
Let w(h) = -h**3 - 4*h**2 - h + 2. Let i(l) = -2*l - 1. Let t be i(1). Give w(t).
-4
Let p(i) = 11*i**3 + 15*i**2 + 12*i + 26. Let v(a) = -7*a**3 - 10*a**2 - 8*a - 17. Let k(h) = 5*p(h) + 8*v(h). What is k(-4)?
-6
Let j(z) = -z**3 + 5*z**2 + z + 1. Suppose -a + 1 + 4 = 0. What is j(a)?
6
Let y(t) = t + 7. Let o(f) = 6*f**2 - 3*f + 4. Let g be o(1). What is y(g)?
14
Let t be ((-56)/(-21))/((-2)/(-3)). Let j(m) = m**3 - 3*m**2 - 4*m - 2. Let a be j(t). Let v(o) = 2*o**2 + o - 1. Give v(a).
5
Let j = -4 - -2. Let b be (-6)/4*(0 + j). Let n(f) = 2*f - 3*f**b + 10*f**3 - 1 + 0. Determine n(1).
8
Let z(l) = l**2 + 4 + 5*l - 2*l + 9*l - 5*l. Determine z(-6).
-2
Suppose 0 = -2*j + 2. Let x(n) = -n + j - 2*n + 3. Calculate x(3).
-5
Let g(l) = -5 + 5 + 2 - 13*l - 3. Calculate g(-1).
12
Let u(c) be the second derivative of c**4/12 + 2*c**3/3 - 4*c**2 - 7*c. Determine u(-6).
4
Let k(x) = 3*x**2 + x**3 - 1 - 2*x**2 + x**2 + x - 4*x**2. Suppose -l - 3*r + 11 = 0, 0*l = l + 5*r - 17. Let y = -1 + l. Calculate k(y).
-1
Let r(u) = -u**2 + 6*u - 7. Let f be r(5). Let h(z) = z**3 + 2*z**2 + 2*z. Determine h(f).
-4
Suppose 3*v - 4*x = -0*v + 4, 5*v + x = -24. Let p(d) = -d**3 - 5*d**2 - 3*d - 3. Determine p(v).
-7
Suppose s = -s - 2. Let p = 1 - s. Let c(q) = -q**2 + 2*q - 2. What is c(p)?
-2
Let g(m) = 21*m - 13. Let y(b) = 5*b - 3. Let r(q) = -2*g(q) + 9*y(q). What is r(4)?
11
Let f(q) = q**3 + q**3 + 2*q - q + 0*q + 2 + q**2. Give f(-2).
-12
Suppose -4*f = f + 25. Let t(h) = -4 - 2 - 3 - 3 - h. What is t(f)?
-7
Let p be (-3 - -2) + 1 - -2. Suppose -3*b + p = -4. Let v(o) = -o**3 + 3*o**2 - 2. Calculate v(b).
2
Let o(c) = c**2 + 6*c. Let t(b) = -1. Let q(f) = o(f) + 2*t(f). Calculate q(-6).
-2
Let s(h) = h**2 - 10*h - 5. Let k(v) = v + 1. Let q(b) = -4*k(b) - s(b). Determine q(6).
1
Let v be (-1 - -3)/2*2. Let g(u) = -u - v*u + 2*u - u. What is g(2)?
-4
Let l be 0 + 0 + (-6 - -10). Let g(x) = -42 - 3*x**2 - 6*x + l*x**2 + 47. What is g(5)?
0
Let a(w) = 75 - 151 - 3*w + w**3 + 72 - 2*w**2. Calculate a(4).
16
Suppose 2*y = 5*c, -c - c = -2*y. Suppose 2*t + y = p + 9, 0 = -4*t - 3*p - 7. Let q = t + -1. Let j(f) = 8*f**2 + f. Calculate j(q).
9
Let q(u) = u**3 + 7*u**2 - 20*u - 15. Let a be q(-9). Let n(r) = r**3 - 3*r**2 + 3. What is n(a)?
3
Let j = 23 + -21. Let t = -2 - -3. Let w(c) = j*c - c - 1 + t. Give w(-4).
-4
Let g(w) = -w**3 - 5*w**2 + 8*w + 1. Let t be g(-6). Let o(r) = -r**3 - 11*r**2 + 2. Let f be o(t). Let m(x) = 2*x**2 - x + 2. What is m(f)?
8
Let d(g) be the second derivative of -g**3 - 3*g**2/2 + 14*g. Determine d(-2).
9
Let k(d) be the second derivative of -d**4/3 - d**3/3 + d**2/2 + 14*d. What is k(-2)?
-11
Suppose 5*n = 5*f + 15, n + 0*n = 4*f + 12. Let x = 6 + f. Suppose x*r - 6 = 3. Let a(t) = t**2 - 3*t - 1. Give a(r).
-1
Let q be 15/(1 - (-2 - -2)). Suppose 3*c + 13 = 4*u - 0*c, -c = -4*u + q. Let f(x) = 3*x**2 - 7*x**3 + 9*x + 6*x**3 + 3 - 4*x. Give f(u).
7
Let i be (0/2)/(-3) - -4. Let d(q) = -q**3 + 5*q**2 - 5*q - 4. What is d(i)?
-8
Let q = 4 + 1. Let y = 17 - 10. Let s(t) = t - 5 - y + 3. Calculate s(q).
-4
Let p(k) = -11*k + 1. Let r(s) = -s**2 + 5*s - 5. Suppose 3*i - 7 = -4*l, 0 = -i - 3. Let q be r(l). Let z be ((-1)/(q/1))/(-1). Calculate p(z).
12
Let v(r) be the third derivative of -1/60*r**5 + 0 + 0*r - 2/3*r**3 + 1/6*r**4 - 3*r**2. Determine v(5).
-9
Let v(i) = 4*i + 7*i + 0*i - 7*i + 1. Let t be ((1 - 2) + 2)/1. Give v(t).
5
Suppose 4*b = 2*g - 32, 4 = -g + 4*b + 20. Let o(x) = -x - 33*x**3 + 6*x**2 + 16*x**3 + g*x**3 + 5. Determine o(6).
-1
Let n(a) be the first derivative of a**4/4 + 4*a**3/3 + 5*a**2/2 + 4*a - 27. Let z be (-1)/2 - (-15)/(-6). Calculate n(z).
-2
Let r(o) be the second derivative of -o**6/40 - o**5/60 + o**4/24 - o**3/6 + 7*o**2/2 - 8*o. Let u(v) be the first derivative of r(v). Determine u(1).
-4
Let r(u) be the third derivative of u**4/8 - u**3 + 226*u**2. Suppose s + 4 = 2*s. Determine r(s).
6
Let l(g) = -7*g**3 - 4*g**2 + 4*g - 7. Let m(d) = -d**3 - 1. Let z(u) = l(u) - 6*m(u). Let b be 3*(-6)/(-9) + -7. Give z(b).
4
Let i(w) = w**2 - 9*w + 3. Let g = 12 + -8. Give i(g).
-17
Let o(l) = 3*l - 9. Let x(n) = n - 4. Let m(b) = -2*o(b) + 5*x(b). Let t(a) = -3*a**2 + a. Let s be t(-1). What is m(s)?
2
Let u(m) be the first derivative of -2*m**3/3 - m**2/2 - m + 6. Determine u(-2).
-7
Let v = 13 + 5. Let x = -19 + v. Let c(h) = -16*h**3 - h**2 + 1. Calculate c(x).
16
Let k(l) be the third derivative of 0*l - 1/6*l**3 - 2*l**2 + 0 + 1/20*l**5 + 0*l**4 - 1/360*l**6. Let i(c) be the first derivative of k(c). Determine i(5).
5
Suppose 2*d = 4, 4*r = 6*r + 5*d + 10. Let t(g) = g + 19. Determine t(r).
9
Let t(y) = -y**2 - 6*y - 4. Let b = 79 - 85. What is t(b)?
-4
Let l = 1 + -6. Let u(a) = 3*a**3 + 8*a**2 - 8*a. Let h(k) = -2*k**3 - 4*k**2 + 4*k. Let v(b) = l*h(b) - 3*u(b). Suppose 4 = -3*x + 13. Give v(x).
3
Let k be 3 + 19 - (-1 + -2). Suppose 0 = 5*j - k, -3*b + 6*j - 5*j - 8 = 0. Let i(r) = -3*r**2 - r. Calculate i(b).
-2
Let p(n) = 15*n**3 + 10*n**2 + 15*n - 5. Let x(a) = 7*a**3 + 5*a**2 + 7*a - 2. Let y(i) = 6*p(i) 